182 = -z, 29*z - 2*u = 26*z + 27631. List the prime factors of z.
3, 11, 31
Let n = -59 - -69. Let m = n - 2. Suppose -2*x - m = 0, -3*x = -3*t + x + 157. What are the prime factors of t?
47
Suppose 56551 - 27505 = 16*a - 41514. What are the prime factors of a?
2, 3, 5, 7
Suppose -4*n = -k + 27, -2*k + 2*n + 39 = -3*n. Suppose l + 4 = k. Suppose 2*v - 3*y = -v + 93, -v + l*y = -23. What are the prime factors of v?
5, 7
What are the prime factors of (107008/10)/2 - 112/280?
2, 5, 107
Let j(a) = a**3 - 18*a**2 - 20*a + 49. Let y be j(19). What are the prime factors of 1634/12 - y/180?
2, 17
Suppose 0 = -4*z + 5*b - 448, 4*z + b + b = -476. Let c be ((-20)/9 - -2) + (-611)/z. List the prime factors of (c/(-3) - -2)*564.
2, 47
Let j = 8582 - 7337. List the prime factors of j.
3, 5, 83
Suppose -3*i + 6*i + 4*b = 82, -27 = -i - b. Suppose k = -i + 54. Suppose u - k = -3*u. What are the prime factors of u?
7
Let v = 1354 - -2523. List the prime factors of v.
3877
Suppose -772 = -7*p + 33. Suppose -1542 = -117*m + p*m. What are the prime factors of m?
3, 257
Let j(i) = -2*i**3 + 10*i**2 - 7*i - 7. Let n be j(-8). Suppose -31*y + 7975 = n. List the prime factors of y.
2, 101
Let a be 3496/24 + (-5)/3 + 2. List the prime factors of (2/6*a)/(7/63).
2, 3, 73
Let k(r) = -r**2 + 35*r - 127. Let f be k(31). List the prime factors of 5/f + 1 + 36322/78.
3, 5, 31
Let o = 48 - 39. Suppose -7*u - 12 = -o*u. Suppose 473 + 229 = u*s. List the prime factors of s.
3, 13
Let h(v) = 3*v**3 + v**2 + 4*v + 1. Let k(t) = -4*t**3 - t**2 - 8*t - 1. Let d(g) = 5*h(g) + 3*k(g). Suppose -2 = -4*n + 6. List the prime factors of d(n).
2, 13
Let f be (-3)/(-5) + (-27348)/(-20). Suppose 67*q = 71*q - f. What are the prime factors of q/8 + 10/8?
2, 11
Let a(h) = -60*h**3 - 12*h**2 - 62*h + 3. List the prime factors of a(-6).
3, 11, 17, 23
Let f(a) be the second derivative of -33*a**5/20 - a**4/6 + a**3/3 + 3*a**2 - 14*a - 1. What are the prime factors of f(-3)?
3, 97
Suppose 815*w = -3*d + 814*w + 33176, -3*d = -3*w - 33204. List the prime factors of d.
3, 1229
Let s be -2*(3 - 4) + (1 - 5). Let l be ((-66)/(-9) + -2)/(s/(-3)). Let x(u) = 15*u - 14. List the prime factors of x(l).
2, 53
Let q = -340 + 428. Let z = 369 + q. What are the prime factors of z?
457
Let h(i) = -i**2 + 6*i + 4. Let a be h(6). Suppose -3*n + 7*b - 4*b = -3864, 2*n + a*b - 2564 = 0. List the prime factors of n.
2, 643
Suppose 0 = 6*z - 17569 - 27623. Suppose 0 = 23*k - 9*k - z. What are the prime factors of k?
2, 269
Suppose 3*q + 49435 = 2*s + 213856, -2*q = 5*s - 109614. List the prime factors of q.
3, 18269
Let m(t) = 7*t - 22 + 14*t**2 - 24*t - t**3 + 14*t. Let n be m(11). Let a = n - 135. What are the prime factors of a?
173
Let x(b) = -2*b**2 - 12*b - 21. Let s be x(-6). Suppose -4*j = -4*y + 3*y + 13, -2*y + 5*j + 35 = 0. Let c = s + y. List the prime factors of c.
2
Let l be 6/(-51) + 2/17. Suppose l = -5*h - 11 + 176. Suppose -h - 149 = -2*c. List the prime factors of c.
7, 13
Let o be (2/(-4))/((-2)/(-4)). What are the prime factors of (o - 14/(-6)) + (-35560)/(-24)?
1483
Let o(k) = -k**3 + 5*k**2 + 7*k - 9. Suppose -6*u = -2*t - 11*u + 2, 24 = 5*t + 3*u. Let c be o(t). What are the prime factors of c - -6 - 256/(-4)?
67
Suppose 81*p - 2*b = 79*p + 11574, 28935 = 5*p + 2*b. List the prime factors of p.
3, 643
Suppose 22*f - 16 = 18*f. Suppose -2*i - 3*y + 741 = 66, -1630 = -5*i + f*y. List the prime factors of i.
2, 3, 5, 11
Let b(r) = 2*r**2 - 32*r + 88. Let d be b(12). Let f(g) = -g**3 + 10*g**2 + 9*g + 2 + 2*g**3 + 3. What are the prime factors of f(d)?
61
Let c(i) = 3*i**2 - 12*i - 35. Let b(s) = 4*s**2 - 25*s - 71. Let a(t) = -3*b(t) + 5*c(t). List the prime factors of a(-7).
2, 5
Let b = -601 + 841. Suppose -17*k + 678 = -b. What are the prime factors of k?
2, 3
Let h be 1/3 + 2513/21. Let q = -139 + 191. Let d = h - q. List the prime factors of d.
2, 17
Let k be 378/49 - 4 - (-2)/7. Let c be ((-48)/9 + k)/(4/6). What are the prime factors of c/((-16)/(-2)) - (-1365)/20?
2, 17
Let f be 10/(-8) - (-2706)/8. Let z = f - 93. What are the prime factors of z?
2, 61
What are the prime factors of (6/(-9))/(24724/(-3087) + 8)*90?
3, 5, 7
Let u(q) = 12*q**2 - 8*q - 29. Let s = 135 - 139. List the prime factors of u(s).
3, 5, 13
Let r = -594 - -597. Suppose -r*s + m = -4*s + 687, -m = -3. List the prime factors of s.
2, 3, 19
Let v(t) = -6*t**2 + 21*t + 71. Let m(w) = -5*w**2 + 18*w + 70. Let u(x) = 7*m(x) - 6*v(x). List the prime factors of u(-16).
2, 5
Suppose -5694 = -21*u + 34*u. Let m = u + 1239. What are the prime factors of m?
3, 89
Let x(p) = -8*p + 11. Let q be x(3). List the prime factors of 8/((-16)/q)*90.
3, 5, 13
Let j(y) be the first derivative of 7*y**4/4 - y**3/3 + y**2/2 - 35. Let z be j(1). What are the prime factors of (-1527)/(-15) + z + (-1)/(-5)?
109
Suppose 26999 = -10*f + 29*f. List the prime factors of f.
7, 29
Let n(h) = -h + 5. Let s be n(2). Let p(a) = -s*a - 12 + 6*a**2 + a + 3*a. What are the prime factors of p(4)?
2, 11
Let r(p) = -9*p**3 - 16*p + 7. Let f be r(4). Let w = -291 - f. List the prime factors of w.
2, 3, 19
Let v = 473 + -140. Suppose z - 1321 = -4*w, z = w + 4*z - v. List the prime factors of w.
2, 3, 5, 11
Suppose 3*q + 107*y - 108*y - 15772 = 0, -2*y = 14. What are the prime factors of q?
5, 1051
Suppose -9*f + 32406 = -24681. What are the prime factors of f?
6343
Let i be (5677/(-28))/(5/(-180)). Suppose 0 = 17*s - 8*s - i. What are the prime factors of s?
811
Let c = 20583 - 12591. List the prime factors of c.
2, 3, 37
Let x(t) be the second derivative of -29*t**3/3 + 32*t**2 - 295*t. List the prime factors of x(-15).
2, 467
Suppose -n = 4*i - 7511, 4*i - 8*n - 7490 = -2*n. Let b = -1281 + i. List the prime factors of b.
2, 149
Suppose -w + t - 278 = 0, 5*w - 3*t = -559 - 833. Let x be ((-32)/3)/4*w/2. Let p = 544 - x. What are the prime factors of p?
2, 43
List the prime factors of (2260 - (-6)/(-2)) + -6 + 2.
3, 751
Suppose 27*n = 71*n + 25*n - 222456. What are the prime factors of n?
2, 13, 31
List the prime factors of -132*(-10 - 2937/44).
3, 11, 307
Suppose 0 = 3*q - 41 + 32. Suppose q*o - o = -4. List the prime factors of 3 - (-52 + 3 + o/(-2)).
3, 17
Let z = -39973 + 49066. What are the prime factors of z?
3, 7, 433
Suppose -5*v = -20, -w + v - 8 = -4. Suppose -3*l - 1126 = -3*i + 473, -5*l + 5 = w. What are the prime factors of i?
2, 3, 89
Let a be 25/9 - (20/18)/(-5). What are the prime factors of (a/4)/((-1)/(-576)*9)?
2, 3
Let x(y) be the first derivative of y**4/4 + y**3 - 6*y**2 + 15*y - 14. Let q be x(-6). List the prime factors of 2/3 + (-1372)/q.
2, 3, 11
Let r(d) = -d**3 + 19*d**2 - 33*d + 40. Let s be r(16). Suppose -6*q = -s + 10. What are the prime factors of q?
3, 5
Let u be ((-1)/3)/((-26)/(-115284)). Let l = 2655 + u. List the prime factors of l.
11, 107
Let b(m) = 2935*m**2 - 4*m + 3. Let r be b(1). Suppose 0 = 4*z - 4*t - 2344, z + t = 6*z - r. List the prime factors of z.
587
What are the prime factors of (-40 - -42) + 2787*7/6*2?
5, 1301
Suppose 2*o = 5*a + 1910, 3*o - 2*o - 955 = a. Let h = o - 474. What are the prime factors of h?
13, 37
Suppose 0 = -13*x + 6*x + 14. Suppose x*a + 16 = c, -5*a + 9 = 4*c - 2*a. What are the prime factors of c/(-4)*(-282)/9?
47
Suppose -12*o + 7*o - 2*u + 22 = 0, 13 = 4*o - 3*u. Suppose -o*b - b + 165 = 0. What are the prime factors of b?
3, 11
Let n(z) = -z**2 + z + 1. Let l(p) = 11*p**2 + 22*p. Let a(i) = l(i) + 3*n(i). List the prime factors of a(-11).
2, 3, 29
Let g(q) be the first derivative of 24*q**2 - 9*q + 8. Let t be (-2 - -2) + (-2)/(-2) - -1. What are the prime factors of g(t)?
3, 29
Let u = -1798 + 1162. Let w = u + 1106. List the prime factors of w.
2, 5, 47
Suppose 66*t = -196022 + 1529750. What are the prime factors of t?
2, 3, 421
Let a = -50 - -62. Suppose h = 2*h - a. Suppose h*p - 2708 = 532. List the prime factors of p.
2, 3, 5
Let c = 16 - 16. Suppose -640 = -5*z + z + 2*x, -4*z - 3*x + 630 = c. Suppose 0 = 3*a - 0*a - z. List the prime factors of a.
53
Let r(o) = 1019*o**2 - 7*o - 12. List the prime factors of r(4).
2, 19, 107
Let x = 15233 - 10343. What are the prime factors of x?
2, 3, 5, 163
Let y = 93 + -75. Suppose o - y = -4*x - 0*o, -4*o - 23 = -3*x. Let u = 